s 265 divide 50221433?
False
Is 9528416 a multiple of 262?
True
Is 1559 a factor of 383311330?
True
Is 2346 a factor of 115019688?
True
Is 41181490 a multiple of 10?
True
Is 760125723 a multiple of 21?
True
Does 5 divide 7347457?
False
Is 21 a factor of 159922791?
True
Is 13934500 a multiple of 124?
True
Is 250812271 a multiple of 841?
True
Is 15 a factor of 5640504?
False
Is 22153600 a multiple of 1120?
True
Is 753274080 a multiple of 2210?
True
Is 59267724 a multiple of 12?
True
Does 325 divide 74452950?
True
Is 14592838 a multiple of 14?
False
Is 111 a factor of 74311165?
False
Is 3 a factor of 11414381?
False
Is 13122198 a multiple of 9?
True
Does 42 divide 105885990?
True
Does 26 divide 6310512?
True
Is 106 a factor of 807275330?
True
Is 4492 a factor of 1490508488?
True
Is 50 a factor of 62489619?
False
Is 131461397 a multiple of 1447?
True
Is 120552440 a multiple of 8?
True
Does 1382 divide 517837616?
False
Does 3 divide 26961570?
True
Is 2966 a factor of 202204084?
True
Does 20 divide 143433011?
False
Is 17798903 a multiple of 200?
False
Is 451 a factor of 5215160?
False
Is 5 a factor of 14901789?
False
Does 358 divide 44106099?
False
Is 1445299907 a multiple of 12?
False
Is 244060247 a multiple of 5?
False
Does 73 divide 3024081283?
True
Is 161790240 a multiple of 992?
True
Is 499154088 a multiple of 94?
False
Does 2130 divide 495968370?
True
Is 1836 a factor of 229257215?
False
Is 358528130 a multiple of 34?
True
Is 494584808 a multiple of 136?
True
Is 34 a factor of 627697709?
False
Is 48 a factor of 265519392?
True
Is 151013040 a multiple of 34?
True
Is 10768239 a multiple of 1164?
False
Does 150 divide 2692613550?
True
Is 77401128 a multiple of 31?
False
Is 160 a factor of 839996160?
True
Is 16245240 a multiple of 110?
True
Is 7017251 a multiple of 227?
True
Is 64180317 a multiple of 11?
False
Is 1227949608 a multiple of 243?
False
Is 570 a factor of 4442580?
True
Is 26712720 a multiple of 27?
True
Is 579 a factor of 1616045403?
False
Is 35 a factor of 171096590?
True
Is 15 a factor of 178125733?
False
Does 71 divide 127353549?
False
Is 2629701859 a multiple of 43?
False
Is 1599 a factor of 12963273?
False
Is 1082202551 a multiple of 220?
False
Is 2270887097 a multiple of 138?
False
Is 1879 a factor of 320046312?
True
Is 128809509 a multiple of 27?
False
Does 27 divide 52235118?
True
Is 1464 a factor of 1359877325?
False
Is 490014720 a multiple of 30?
True
Is 167 a factor of 92798226?
True
Does 8 divide 31256128?
True
Is 707938542 a multiple of 162?
True
Does 15 divide 592425?
True
Does 437 divide 693519?
True
Is 1658146 a multiple of 238?
True
Is 33 a factor of 6483477?
True
Is 724045415 a multiple of 185?
True
Does 50 divide 49065162?
False
Does 13 divide 41436044?
True
Is 11 a factor of 6731116?
False
Is 57 a factor of 581571552?
False
Does 207 divide 59229531?
True
Does 9 divide 652259826?
True
Is 111327541 a multiple of 31?
True
Is 227 a factor of 853577052?
False
Is 827 a factor of 188003564?
True
Does 15 divide 2973388?
False
Does 50 divide 604199296?
False
Does 161 divide 47033896?
True
Is 3 a factor of 601904715?
True
Is 416 a factor of 13678781?
False
Does 5 divide 14086328?
False
Does 13 divide 2812758?
True
Is 55 a factor of 1133785421?
False
Does 13 divide 29450616?
True
Is 474183882 a multiple of 3095?
False
Does 10921 divide 732515154?
True
Does 9 divide 24596919?
True
Is 4865 a factor of 1327855433?
False
Does 32 divide 2279753251?
False
Is 12 a factor of 29832823?
False
Does 22 divide 172202734?
True
Is 422 a factor of 448498224?
True
Does 13 divide 6431425?
True
Is 17 a factor of 199842820?
True
Is 559 a factor of 75293314?
False
Is 56 a factor of 3777539?
False
Is 43335504 a multiple of 16?
True
Is 43 a factor of 24927208?
False
Is 63338564 a multiple of 2944?
False
Is 28300656 a multiple of 1454?
True
Is 16076484 a multiple of 22?
False
Does 5 divide 36195394?
False
Is 2854379713 a multiple of 274?
False
Is 476 a factor of 38049437?
False
Does 709 divide 165727699?
False
Does 31 divide 1229652878?
False
Does 20 divide 51113891?
False
Is 671698818 a multiple of 1722?
True
Does 18 divide 1338996599?
False
Is 1087345532 a multiple of 1198?
True
Is 38959536 a multiple of 938?
False
Is 10 a factor of 22977880?
True
Does 25 divide 74964596?
False
Is 84 a factor of 27143424?
True
Does 15 divide 770164815?
True
Does 442 divide 2653645?
False
Does 33 divide 863082?
True
Is 8569802 a multiple of 538?
True
Is 397 a factor of 90072014?
False
Is 106 a factor of 240388492?
False
Does 405 divide 52506225?
True
Does 818 divide 332166164?
False
Is 4043 a factor of 1062908368?
False
Is 5648 a factor of 249443920?
True
Is 5576 a factor of 118322720?
True
Does 53 divide 251087067?
False
Is 1456 a factor of 326669616?
True
Is 169047646 a multiple of 262?
False
Is 3005 a factor of 41952805?
True
Does 229 divide 69990305?
False
Is 7031 a factor of 3539799136?
True
Does 1665 divide 202721628?
False
Is 3813070 a multiple of 829?
False
Does 13 divide 827819707?
True
Is 2443 a factor of 220792650?
False
Does 154 divide 32931910?
False
Does 676 divide 305426264?
True
Is 4 a factor of 261472?
True
Is 124 a factor of 634072600?
False
Is 695 a factor of 115134447?
False
Does 2895 divide 2536735065?
True
Is 3028 a factor of 614278248?
True
Is 23 a factor of 372497669?
False
Does 197 divide 30538949?
False
Is 126558257 a multiple of 10?
False
Is 165325459 a multiple of 13?
True
Does 18 divide 10313730?
True
Is 95756945 a multiple of 49?
False
Does 93 divide 3145498851?
False
Is 336487760 a multiple of 5?
True
Is 490097282 a multiple of 537?
False
Is 25596166 a multiple of 5?
False
Is 38811300 a multiple of 9?
False
Is 127 a factor of 3504002858?
False
Is 25 a factor of 1055855000?
True
Is 1682922408 a multiple of 12?
True
Is 899578780 a multiple of 2228?
False
Is 271962627 a multiple of 412?
False
Is 846 a factor of 114714216?
True
Is 38509354 a multiple of 226?
False
Is 23 a factor of 25442878?
False
Is 3052722735 a multiple of 81?
True
Does 30 divide 210498374?
False
Is 10 a factor of 32048897?
False
Is 1143238810 a multiple of 538?
False
Does 1179 divide 1696962419?
False
Does 30 divide 6820552?
False
Does 265 divide 5853081?
False
Does 23 divide 51470831?
False
Is 32785153 a multiple of 425?
False
Is 1642 a factor of 304303650?
True
Does 2465 divide 422836240?
True
Is 174429383 a multiple of 902?
False
Is 561491549 a multiple of 29?
False
Does 95 divide 252416707?
False
Does 63 divide 116310513?
False
Does 28 divide 9042012?
True
Is 6 a factor of 288111660?
True
Does 799 divide 918528003?
True
Is 7 a factor of 4165293?
False
Is 2428876996 a multiple of 91?
True
Is 124 a factor of 1283597656?
True
Is 655 a factor of 2142600093?
False
Is 20 a factor of 148541267?
False
Is 770 a factor of 728183835?
False
Is 1583380993 a multiple of 21?
False
Does 10 divide 11041150?
True
Is 6809 a factor of 1729343011?
True
Does 170 divide 31036445?
False
Is 2524576489 a multiple of 37?
True
Does 775 divide 30471744?
False
Does 48 divide 34342928?
False
Is 29080064 a multiple of 512?
True
Does 124 divide 73158546?
False
Does 38 divide 38343740?
False
Is 416202702 a multiple of 127?
False
Does 1841 divide 9657886?
True
Is 770 a factor of 40140175?
False
Does 54 divide 12505538?
False
Does 8 divide 25190960?
True
Is 164 a factor of 634244580?
True
Is 13280064 a multiple of 656?
True
Does 6 divide 34831249?
False
Is 42246672 a multiple of 104?
True
Does 67 divide 147251193?
True
Is 1056 a factor of 91537479?
False
Is 18 a factor of 1183597272?
True
Does 230 divide 74484523?
False
Is 53044890 a multiple of 7?
False
Is 128488608 a multiple of 926?
False
Is 543 a factor of 140347581?
True
Does 1313 divide 51464724?
False
Is 574 a factor of 17471412?
True
Does 48 divide 4336041?
False
Is 26 a factor of 7452146?
True
Is 37277741 a multiple of 40?
False
Is 21 a factor of 108461136?
True
Is 25 a factor of 10165479?
False
Does 83 divide 10846523?
True
Is 56798705 a multiple of 498?
False
Does 910 divide 30420748?
False
Is 508 a factor of 30940686?
False
Does 36 divide 400245192?
True
Is 189 a factor of 229409237?
False
Does 14 divide 1123798564?
True
Does 58 divide 44628568?
False
Does 10914 divide 3049338858?
True
Does 15 divide 221775661?
False
Does 59 divide 11